
Let s(n) = -67 + n - 67 + n + 117. Determine s(12).
7
Let q(u) be the first derivative of -2*u**2 + 2. Let d(a) = a**3 + 3*a**2 - 4*a + 1. Let o be d(-4). Determine q(o).
-4
Let o(q) = 2*q + 2. Let m = 0 - 5. What is o(m)?
-8
Let b(x) = -x**2 + 6*x**3 + 7*x**2 + 1 - 7*x - 14*x**3 + 7*x**3. Determine b(5).
-9
Let m = 74 + -76. Let s(z) = 1 + z**2 + 2 + 4*z - 2. What is s(m)?
-3
Let r(x) be the second derivative of 0 + 0*x**3 - 1/12*x**4 + 0*x**2 - 1/20*x**5 + 3*x. Calculate r(0).
0
Let j = 415/3 + -138. Let b(p) be the first derivative of -3*p**2 - j*p**3 - p - 2. Determine b(-5).
4
Let c(r) = -r**3 + 3*r**2 + r - 2. Let q be c(3). Let v(o) be the first derivative of -1/2*o**2 + 3*o - q. Determine v(-4).
7
Suppose 0 = 3*k - 6, -3*j = -k + 4*k - 15. Let b(p) = p**3 - 4*p**2 + 2*p + 2. Calculate b(j).
-1
Suppose q - u - 18 = 3, 3*q = 5*u + 67. Let x(c) = -q + 4*c - c**2 - 10*c + 16. Determine x(-4).
5
Let c(a) = -15*a**2 + 7*a + 1. Let x(k) = 7*k**2 - 4*k. Let w(u) = -6*c(u) - 13*x(u). What is w(8)?
10
Let g(j) = 3*j**3 + 2*j + 1. Let o = 4 + -6. Let b be (-14)/21 - o/(-6). Determine g(b).
-4
Let s(u) = u + 6. Let t(m) be the third derivative of m**6/120 - m**5/6 - m**4/2 + 2*m**3/3 + 2*m**2. Let f be t(11). Let w = 4 + f. Calculate s(w).
3
Suppose 0 = c - 2*r - 5, 2*r - 5*r = 2*c - 10. Suppose 4*t + 1 - 4 = -3*d, d - 12 = -c*t. Let f(k) = -2 + 2 - 2*k - 3. Give f(d).
3
Let n = -2 + 7. Let f(m) be the first derivative of -m**3/3 + 4*m**2 - 6*m + 2. Give f(n).
9
Let k(w) be the first derivative of -1/12*w**4 + w**3 - w - 3*w**2 + 2. Let s(j) be the first derivative of k(j). Calculate s(5).
-1
Let b(i) be the first derivative of i**3/3 - i**2 - 8*i + 13. Calculate b(6).
16
Let n(f) = -10*f**2 - f - 1. Let x(d) = 2*d**2. Let p(z) = -2*n(z) - 11*x(z). Let j(r) = -2*r**2 + r + 0*r**2 + 3*r**2. Let k be j(1). What is p(k)?
-2
Let h(f) = -f**3 - 5*f**2 + 0*f**3 - 2*f - 2*f - 3. Let j(t) = -t**2 - 8*t + 15. Let x be j(-7). Let u = 19 - x. What is h(u)?
-9
Let l(o) = o**2 + o - 1. Suppose -s = 3*h - 5, s + 22 - 3 = 5*h. Suppose h*k = 8*k. Suppose k = -0*f - 4*f. Determine l(f).
-1
Let x be 4 + -2 - 0/(-2). Let v be (x/6)/((-3)/(-18)). Let w(l) = -2*l - 3 - l**3 + 5*l - 4*l**v - 1. Give w(-5).
6
Let n(w) = -w**3 - 13*w**2 + 2*w + 29. Let i be n(-13). Let q(h) = -2*h - 3 + 5*h + h. Determine q(i).
9
Let v(a) = -2*a**2 - 9*a - 5. Let q(r) = -3*r**2 - 17*r - 9. Let o(z) = -3*q(z) + 5*v(z). Calculate o(6).
2
Let c = -71 - -60. Let o(y) = -2*y - 12 + 2 + y. Let f be o(c). Let b(r) = 6*r**2 - r + 1. Determine b(f).
6
Let x(i) = 3 + 3*i - 5 + 1 - 2. Calculate x(3).
6
Let c(v) = 3*v + 1 + v**2 - 15*v + 9*v - 2*v**2. Calculate c(-5).
-9
Suppose 6*z = z + 160. Suppose -5*q + z = -y - 3*y, 0 = 3*q + y - 9. Let a(d) = 3*d - 5. Calculate a(q).
7
Let d(g) = -2*g**2 + g - 1. Suppose v + 12 = 7*v. Give d(v).
-7
Let z(r) = -r**3 + 4*r**2 - 3*r + 4. Suppose -4*v - 4 = -5*v. Let l = 3 + -1. Suppose 0 = -0*c - 5*c - y + 19, 0 = v*c - l*y - 18. Determine z(c).
-8
Let x be (1 - -1)/(1/2). Suppose 0 = -x*m - 5*h - 41, 3*m + 5*h + 27 = 2*h. Let o(k) = -2*k - 4. Give o(m).
4
Let v(m) be the third derivative of -m**4/24 + 5*m**3/6 - m**2. Suppose u + 20 = 4*h, 0 = -h - 2*h + 2*u + 20. Determine v(h).
1
Let s(d) = -6*d - 2 + 0*d + 8*d. Let z be s(2). Let m = -2 + z. Let v(r) = -r**3 + r**2 - r - 2. Calculate v(m).
-2
Let p(k) be the first derivative of -2*k**3/3 - 3*k**2 + 6*k - 66. Determine p(-5).
-14
Let l(j) = 0*j + 10*j**2 - 4*j**2 + j**3 - 2 + 4*j. Let a be (-80)/16 + 0/(-2). Determine l(a).
3
Suppose -5*x = 2*o - 1, -4*x + 6*x = -o + 1. Let j(z) = 6*z**2 + 1. Determine j(x).
7
Let p be (6/(-9))/((-2)/3). Suppose l + 3 = p. Let u(b) be the first derivative of -b**2 + b + 40. Give u(l).
5
Let s(g) = 2*g + 8 + 3 - 3. Calculate s(-7).
-6
Let g be (-11)/(-6) + 7/42. Let n be (-105)/(-28) - g/(-8). Let w(r) = -r**2 + 8*r - 2. What is w(n)?
14
Let y(f) be the third derivative of f**4/24 - 5*f**3/6 - 13*f**2. Suppose -2*b + 5*m = 10, 31 = 4*b + 5*m - 9. Give y(b).
0
Let g(h) = -h**2 + 14*h - 10. Let o be g(13). Let m be (o/3 - 2)/1. Let b(w) be the first derivative of -w**3/3 + w**2 + w + 3. Determine b(m).
-2
Suppose 3*n + w - 14 = 0, 0 = 3*n - 2*w + w - 4. Let k be 2/2*(-1)/(-1). Let y(p) = 4 - k + 3*p - 5*p. Give y(n).
-3
Let h(r) be the third derivative of -r**5/30 - r**4/24 - r**3/6 - 13*r**2. Give h(3).
-22
Let m(d) = d**2 + 1. Let i = 15 - 11. Let n = -4 - -6. Let p be ((-2)/i)/(1/n). Calculate m(p).
2
Let p = -3 + 4. Let l(j) = -j**3 + 2*j**2 - j + 1. Let i be l(p). Let w(v) be the first derivative of v**2 - v - 1. What is w(i)?
1
Let w(a) = -a**3 - 3*a**2 - a - 1. Let p be w(-2). Let i = 8 - 7. Let s(l) = -l - 1. Let b(v) = -4*v - 2. Let f(q) = i*b(q) + p*s(q). Determine f(0).
1
Let c(v) = 4*v**3 - v**2 - 3*v + 5 - 4 - 2*v**3. Let g(w) = -3*w - 1. Let d be g(-1). Calculate c(d).
7
Suppose 5*z - 2*n = 13, -2*n = 4*z - 7*n - 24. Let c(u) = -u**3 + 4*u**3 + 6*u**3 + 1 - 2*u**2. What is c(z)?
8
Suppose 5*h + 4*f + 5 = 0, 3*h + 2 = -2*f + 1. Let q(o) be the third derivative of -o**4/8 + 2*o**3/3 + o**2 - 58. What is q(h)?
-5
Let h(z) be the second derivative of z**7/2520 - z**6/240 + z**4/12 + 3*z. Let r(u) be the third derivative of h(u). Calculate r(5).
10
Let z(x) = 2*x**3 - 4*x**2 - 2*x + 4. Let y(l) = -l**3 + l**2 + l - 1. Let o(n) = 3*y(n) + z(n). Let w be o(0). Let p(g) = 6 + 0 - w + g. Determine p(-4).
1
Let b(j) = j**2 + j - 1. Suppose 0 = -3*z - 6 + 9. Calculate b(z).
1
Let s(i) = i**2 + 4*i - 1. Let c be -1 + 8 + 3 + -2. Let j be (c - -2)/(0 - 2). Calculate s(j).
4
Let u(r) be the first derivative of -2*r**3/3 - 2*r + 3. Suppose -10 = -c + 6*c. What is u(c)?
-10
Let g be 0/2*(-9 - -10). Let w(x) = x. Let n(i) = -i**2 + 3*i - 9. Let d(k) = -n(k) + 3*w(k). Calculate d(g).
9
Let z(g) = -g**3 - 5*g**2 - 10*g - 5. Let q(w) = -2*w**3 - 11*w**2 - 19*w - 9. Let k(y) = 3*q(y) - 5*z(y). What is k(-7)?
-2
Let i be 1/(-5) - 186/(-30). Let l(z) = z - 5. Let j be l(i). Let g(k) = 6*k - 1. Calculate g(j).
5
Let v be 6/(-2)*(-5)/15. Let g(k) = 5*k + 10. Let m(t) = t + 1. Let l(q) = v*g(q) - 6*m(q). What is l(2)?
2
Let f(t) = -t**3 + 6*t**2 + t - 8. Let q be f(6). Let d(v) = v - 1. Let b(r) = -1. Let p(s) = -2*b(s) + d(s). What is p(q)?
-1
Let s(p) be the first derivative of 0*p**3 + 0*p - 5/4*p**4 + 1/2*p**2 - 1. Suppose 5*o = 2*l + 22, 0*l = -5*l - 2*o + 3. Give s(l).
4
Let z be 2/(-18)*-3*15. Let s(t) = -t**2 - 4*t**3 - 3*t + 1 + 5*t**3 + z*t**2 - 5. Determine s(-4).
8
Let v(a) be the second derivative of a**4/12 - a**3/6 - 21*a**2/2 + 6*a. Give v(0).
-21
Let j(t) = -t**2 + 2*t - 1. Let s(o) = o**2 + o + 4. Let w be s(0). Let r = 7 - w. Suppose -5*c + r = -4*c. Determine j(c).
-4
Let o be 2 + -3 + 2 + 4. Let f(v) = -v + 11. Let x be f(o). Let u = -10 + x. Let i(y) = -y**3 - 3*y**2 + 4*y - 4. Determine i(u).
-4
Let l(p) be the second derivative of -p**4/12 - p**3/3 - p**2/2 - 24*p. Calculate l(-3).
-4
Let o(q) = -q**3 - 5*q**2 - 2*q - 2. Suppose 10 - 4 = -3*z. Let t be ((-10)/(-25))/(z/10). Determine o(t).
-10
Suppose 0 = -q - 4*p - 18, 3*q - 2 = -5*p - 28. Let w(l) be the second derivative of -l**4/4 - 2*l**3/3 - l**2 + l. Determine w(q).
-6
Let v be -1*(-5)/2*2. Let u = -4 + v. Let k(y) be the third derivative of -y**5/30 + y**4/24 + 2*y**2. What is k(u)?
-1
Suppose 4*q - 16 = 4. Let b(d) = -d**2 - d + 2. Let l be b(0). Let j(o) = -3*o + q*o**2 - l*o**2 - 2 - 2*o**2. Determine j(5).
8
Let a(j) be the third derivative of -j**4/24 - 7*j**3/6 - 2*j**2. Let s(f) = -f. Let w be s(5). Determine a(w).
-2
Let z(k) = k**3 + 5*k**2 + k - 3. Let o be z(-3). Let g(q) = -q + 16. Let s be g(o). Let b(d) = -d + 3. Determine b(s).
-1
Let j(z) = 3*z**2 + 2*z + 3. Let n = 15 + -17. Determine j(n).
11
Suppose -3*t + t = 2, -r + 4*t + 10 = 0. Let d = 2 - -2. Let h(z) = 10 + d*z + 3*z**2 - 2 - 4*z**2. Calculate h(r).
-4
Let g(c) = 8*c - 2. Let l be 3/(-2) - 6/20*5. Calculate g(l).
-26
Let v(y) be the second derivative of y**4/4 + y**3/6 + y**2/2 + 4*y. Calculate v(-1).
3
Suppose b + 6 = -b. Let q(n) = -n - 1. Give q(b).
2
Let o = -1/123 - -43/246. Let r(g) be the third derivative of 0 + 0*g - 1/60*g**5 + 1/120*g**6 + 1/12*g**4 + g**2 - o*g**3. Give r(1).
1
Suppose -4*l + 7*l - 15 = 0. Suppose 3*c